{"id":22,"date":"2016-11-02T08:28:52","date_gmt":"2016-11-02T08:28:52","guid":{"rendered":"http:\/\/gorbac.se\/jakt\/?page_id=22"},"modified":"2016-11-11T10:22:38","modified_gmt":"2016-11-11T10:22:38","slug":"fina-foton-fran-jaktmarken","status":"publish","type":"page","link":"https:\/\/gorbac.se\/jakt\/fina-foton-fran-jaktmarken\/","title":{"rendered":"Fina foton fr\u00e5n Jaktmarken"},"content":{"rendered":"<p>H\u00e4r l\u00e4ggs fina foton upp<\/p>\nngg_shortcode_0_placeholder\n","protected":false},"excerpt":{"rendered":"<p>H\u00e4r l\u00e4ggs fina foton upp &#8221; order_by=&#8221;sortorder&#8221; order_direction=&#8221;ASC&#8221; returns=&#8221;included&#8221; maximum_entity_count=&#8221;500&#8243;]&nbsp;<\/p>\n","protected":false},"author":1,"featured_media":0,"parent":0,"menu_order":0,"comment_status":"closed","ping_status":"closed","template":"","meta":{"ngg_post_thumbnail":0,"footnotes":""},"class_list":["post-22","page","type-page","status-publish","hentry"],"_links":{"self":[{"href":"https:\/\/gorbac.se\/jakt\/wp-json\/wp\/v2\/pages\/22","targetHints":{"allow":["GET"]}}],"collection":[{"href":"https:\/\/gorbac.se\/jakt\/wp-json\/wp\/v2\/pages"}],"about":[{"href":"https:\/\/gorbac.se\/jakt\/wp-json\/wp\/v2\/types\/page"}],"author":[{"embeddable":true,"href":"https:\/\/gorbac.se\/jakt\/wp-json\/wp\/v2\/users\/1"}],"replies":[{"embeddable":true,"href":"https:\/\/gorbac.se\/jakt\/wp-json\/wp\/v2\/comments?post=22"}],"version-history":[{"count":15,"href":"https:\/\/gorbac.se\/jakt\/wp-json\/wp\/v2\/pages\/22\/revisions"}],"predecessor-version":[{"id":168,"href":"https:\/\/gorbac.se\/jakt\/wp-json\/wp\/v2\/pages\/22\/revisions\/168"}],"wp:attachment":[{"href":"https:\/\/gorbac.se\/jakt\/wp-json\/wp\/v2\/media?parent=22"}],"curies":[{"name":"wp","href":"https:\/\/api.w.org\/{rel}","templated":true}]}}